t is the remainder when 4 is divided by d?
0
Let n(b) = 0*b**3 + 6*b**2 + b**3 + 3*b - b**2 - 4. Suppose -5*f - 15 = -0*f. What is the remainder when 19 is divided by n(f)?
4
Let r be -4*1 + 1 - 4. Let b(p) = -16*p - 1. Let n be b(-2). What is the remainder when 22 is divided by 2/4*(n + r)?
10
Let x be 150/4 + 7/(-14). Suppose x = 4*v + 13. What is the remainder when 22 is divided by v?
4
Let q(w) = 4 + 2 + 5*w - 4*w - 2*w. What is the remainder when q(-5) is divided by 6?
5
Suppose 0 = 5*o - o + f - 12, -o + 3*f = 10. Let m = o + -1. Let i(s) = s. What is the remainder when i(2) is divided by m?
0
Suppose 0*g + 154 = 3*g + 5*y, 2*g = -y + 91. Let q = -20 + 10. Let k(n) = n**2 + 9*n + 5. Calculate the remainder when g is divided by k(q).
13
Let k = -4 - -12. Suppose 13 = 3*t + a - 33, 0 = -2*t - a + 32. What is the remainder when t is divided by k?
6
Suppose -4*b = o - 0*b - 19, -2*b = -3*o + 43. What is the remainder when o is divided by 6?
3
Let x(f) = -f**3 - 5*f**2 - 4*f + 1. Let m be x(-5). Let h be m/(-2) - 1/(-2). What is the remainder when 38 is divided by 3*(-1)/3*h?
8
Let r(x) = -2*x - 5. Let t be r(-4). Let q(w) = -w + 3. Let i(l) = -2*l + 3. Let n(f) = t*q(f) - 2*i(f). Calculate the remainder when 9 is divided by n(0).
0
Let n be (-4)/(-22) + (-520)/(-44). Let g = -9 + n. Suppose g*j + 0*j = 168. What is the remainder when j is divided by 19?
18
Suppose f - 13 = 2*a + 9, -2*f + 44 = -a. Let t(g) = g**2 + 5*g. Calculate the remainder when f is divided by t(-6).
4
Let u(y) = -6*y - 1. Suppose 2*z = -3*z. Calculate the remainder when u(-4) is divided by 6 - (z - -4)/(-2).
7
Let o be 0/(-2) - (0 - -1). Suppose -3*u - 5*q + 42 = -0*u, 2*q = 0. Calculate the remainder when o + u/(6/3) is divided by 4.
2
Suppose 6 + 1 = 5*f - 2*b, 4*f = -3*b + 24. Suppose 0 = h - f*a + 1 - 6, 3*h - 15 = 3*a. What is the remainder when 14 is divided by h?
4
Let t(h) = h**2 - 13*h - 18. Let o(g) = -g + 10. Let p be o(-6). What is the remainder when 119 is divided by t(p)?
29
Let u(k) = -k**2 + 2*k + 19. What is the remainder when u(0) is divided by ((-8)/10)/((-8)/100)?
9
Calculate the remainder when (-2909)/(-17) + 14/(-119) is divided by 44.
39
Let y(j) be the third derivative of -j**5/60 + 5*j**4/12 - 4*j**3/3 + 6*j**2. What is the remainder when 24 is divided by y(7)?
11
Let c = 39 + -21. Suppose 27 = 4*f - 13. Calculate the remainder when c is divided by f.
8
Let b = -4 - -7. Let m = 33 - 11. What is the remainder when (-262)/(-4) - b/2 is divided by m?
20
Let j = 75 - 54. Let c = 35 - j. Calculate the remainder when 82 is divided by c.
12
Suppose -3*l + 4*s + 61 = 0, -2*l - 5 = 3*s - 23. What is the remainder when l is divided by 8?
7
Suppose -5*z + 85 + 0 = 0. What is the remainder when z is divided by 4?
1
Let o = 8 - 2. What is the remainder when o is divided by 5?
1
Let u = 8 - 3. Suppose -2*w - u = -3*w. What is the remainder when w is divided by (1 - 4)*1/(-1)?
2
Let u(x) = -x + 11. Let j be u(13). Calculate the remainder when 31 is divided by (-34)/4*(j - 0).
14
Let w(b) = 5*b - 1. Let g be w(-1). Let y = g - -12. What is the remainder when 382/14 + y/(-21) is divided by 7?
6
Suppose 3*g - 10 = 32. What is the remainder when 25 is divided by g?
11
Let d be 3 - 1 - -4 - 2. Let t be d/(-4)*16/2. Let a = t + 22. What is the remainder when a is divided by 8?
6
Calculate the remainder when 103 is divided by (-12 - 1)/((-4)/8).
25
Let o be (11 + -12)*33/1. What is the remainder when 0 + 4*o/(-2) is divided by 17?
15
Let b = -7 - -9. Suppose b*u = u + 2. Let v(t) = -2*t. Calculate the remainder when u is divided by v(-1).
0
Suppose -3*t + 0 = -57. What is the remainder when 56 is divided by t?
18
Calculate the remainder when (30 + -48)/((-6)/16) is divided by 25.
23
Suppose 0 = -6*w + 3*w + f + 7, -2*w + 14 = -3*f. Let u be (-9)/(-3) - (w + -1). Calculate the remainder when (u/2)/(12/272) is divided by 12.
10
Let d(j) = j + 5. Let w = 5 - 4. Let y(m) = 50*m**3 + 2*m**2 - m. Calculate the remainder when y(w) is divided by d(8).
12
Let b(f) = -f**3 + 25*f**2 - 25*f + 41. Suppose 0 = 4*z + 22 - 6, 2*r - 2*z = 28. Calculate the remainder when b(24) is divided by r.
7
Let p(l) = -3*l - l**3 - 11*l**2 + 11 - 3*l + 0*l**3. What is the remainder when p(-11) is divided by 26?
25
Let j = 85 - 78. What is the remainder when 17 is divided by j?
3
Suppose -33 = -2*o + 37. Calculate the remainder when o is divided by 12.
11
Let z = 4 - 1. Let t = 7 + z. Suppose -4*s + 3*s = -t. Calculate the remainder when s is divided by 4.
2
What is the remainder when 51 is divided by ((-81)/(-12))/((-6)/(-16))?
15
Suppose 0*s + s = 5*j + 1, 0 = j. What is the remainder when 2 is divided by s?
0
Suppose 28 = 2*l - 14. Let o = l + 9. What is the remainder when o is divided by 11?
8
Let p = 170 + -159. What is the remainder when (-1 + 2)/(1/21) is divided by p?
10
Suppose -2*k = m - 3, -5*k + 3*k + m = -13. Suppose -3*g = g - k. What is the remainder when (5/((-5)/(-38)))/g is divided by 20?
18
Let b(u) = -3 - u**2 + 11 - 29*u + 16*u. What is the remainder when b(-7) is divided by 17?
16
Let m = 517 - 369. What is the remainder when m is divided by 25?
23
Suppose 2*r - 17 + 7 = 0. Let k(w) = w**2 - 5*w + 2. What is the remainder when k(7) is divided by r?
1
Let r(t) = -t**2 - 9*t - 1. Suppose 3*i - 2*c = -43, -i - 64 = 3*i - 4*c. Let y be r(i). Let o = 39 + y. What is the remainder when o is divided by 9?
7
Suppose -n - 4*n = x - 296, -n - 4*x = -44. What is the remainder when n is divided by 21?
18
Let p(t) = 3*t - 6. What is the remainder when 3 - (0 - 19 - 0) is divided by p(6)?
10
Suppose y - 99 = 5*j, -3*y - 5*j + 495 = 2*y. What is the remainder when y is divided by 25?
24
Suppose -5*d - 98 = -3*m, -m = -0*m - 4*d - 42. Suppose 0*g + 2*g - m = 0. Calculate the remainder when 49 is divided by g.
10
Suppose -3*c + 5*b + 0*b + 22 = 0, -3*c + 2 = 5*b. Suppose a = 10 - c. Let q = a - 1. Calculate the remainder when q is divided by 4.
1
What is the remainder when 27 is divided by ((-42)/(-3))/(4/4)?
13
Suppose -c + 6*c + 93 = 2*z, 3*z = 5*c + 152. Calculate the remainder when z is divided by 30.
29
Let c = -10 + 20. Suppose 2*m + 2*s - 62 = 0, 12*m + 2*s = 15*m - 73. What is the remainder when m is divided by c?
7
Calculate the remainder when 14/(-77) - (-365)/11 is divided by 18.
15
Suppose 0 = 5*s - 10*s + 25. Let b = s - -1. Calculate the remainder when 14/2 - 2/(-1) is divided by b.
3
Let z = -164 + 220. Calculate the remainder when z is divided by 35.
21
Let w = 6 + 1. Suppose 199 = 5*k + 3*y, w*k - 120 = 4*k - 2*y. What is the remainder when k is divided by 13?
12
Suppose -6*h + 95 = -h. Let u(p) = -p**2 + 9*p - 8. Let v be u(10). Let i = -8 - v. Calculate the remainder when h is divided by i.
9
Let l = -53 + 38. Let y be (0 - -3) + -11 + 2. What is the remainder when l/5*80/y is divided by 14?
12
Let k = 3 - 2. Let h = -4 + 7. What is the remainder when (6/h)/(-2) - -2 is divided by k?
0
Suppose 0 = 8*o - 5*o - 69. Let h = -57 + 159. Suppose -4*f = 5*d + 38 - h, -d - 4*f = -16. Calculate the remainder when o is divided by d.
11
Let w be ((-26)/(-39))/((-4)/(-78)). Suppose w + 2 = 3*u. What is the remainder when 8 is divided by u?
3
Let f = 4 - 4. Suppose -12 = -2*t - f*t. Suppose -x + t = 2*x. Calculate the remainder when 2 is divided by x.
0
Let a(v) = -v**2 + 9*v - 2. Let t be a(6). Suppose k = 3*k - t. Calculate the remainder when 14 is divided by k.
6
Let p = -22 - -43. Calculate the remainder when 2/7 - 834/(-21) is divided by p.
19
Let h(n) = -n**2 + 3*n + 22. Suppose 2*m = 3*j - 4, -5 = -3*j + 2*m - m. What is the remainder when h(6) is divided by j?
0
Let c = -16 + 12. Suppose -s + 5*b = -65, -5*b - 297 + 52 = -5*s. What is the remainder when s is divided by c + 2 + (-28)/(-2)?
9
Suppose -l - 7 = -2*l. Let d = 21 - l. Suppose 0 = 4*x - 12, 5*p + x - 19 = 3*p. What is the remainder when d is divided by p?
6
Suppose -4*n + 63 = 5*w, 8*w - 3*w - 53 = n. Suppose -24 = 4*x - 0. Let f = w + x. Calculate the remainder when 13 is divided by f.
3
Suppose 2*f = 16 - 2. Suppose 0 = 2*k - f*k + 80. What is the remainder when k is divided by 2 + (0 - 7*-1)?
7
Let p(r) = r + 5. Let b be -1 + (1 - -1) + -2. Let n be b*3/(-9)*21. What is the remainder when 23 is divided by p(n